base 5, what is -10312 - 1022413?
-1033230
In base 5, what is 3110 + -10014034?
-10010424
In base 12, what is -a - 162b26?
-162b34
In base 10, what is 9 - -1274017?
1274026
In base 13, what is 5504736 + 3?
5504739
In base 4, what is -21 + -22232013111?
-22232013132
In base 11, what is 11592 + 3958?
1543a
In base 6, what is -3 + 4102350144?
4102350141
In base 7, what is 105 + -1232402?
-1232264
In base 12, what is -bb + -2135?
-2234
In base 15, what is -18956 - -18?
-1893d
In base 6, what is 212112 - -2104?
214220
In base 10, what is 358646 + 16?
358662
In base 10, what is 1134 + 344374?
345508
In base 12, what is -281701b - 4?
-2817023
In base 7, what is 230062 - 3024?
224035
In base 5, what is -10 + -2333003441?
-2333004001
In base 11, what is 6488 - 350?
6138
In base 14, what is -122 + 1178d?
1166b
In base 2, what is 101000001110101000110 + 10011?
101000001110101011001
In base 8, what is -25061245 + 3?
-25061242
In base 16, what is 798d60 - 9d?
798cc3
In base 6, what is -3 + 50133234?
50133231
In base 9, what is 413 - 1131265?
-1130752
In base 16, what is 1 + bceda4?
bceda5
In base 16, what is -1 + -3a8cd3?
-3a8cd4
In base 12, what is 1 + 5068bb?
506900
In base 9, what is -17780 + 7503?
-10276
In base 11, what is -6a902 + 174?
-6a739
In base 9, what is 830566 + 17?
830584
In base 14, what is -1 + -1083aa18?
-1083aa19
In base 9, what is -57505 - -1003?
-56502
In base 16, what is -5fd6e4 - 6?
-5fd6ea
In base 2, what is -10100010110000110001001 - 10?
-10100010110000110001011
In base 14, what is -29775 + -94?
-29829
In base 7, what is -51122 - -325?
-50464
In base 5, what is -200 - -13320320020?
13320314320
In base 9, what is 18321 - 1252?
17058
In base 9, what is -2443 - -207?
-2235
In base 6, what is 40420 + -212222?
-131402
In base 7, what is 65001643 - 15?
65001625
In base 9, what is -2681 + -15003?
-17684
In base 8, what is -333 - -420715?
420362
In base 12, what is -434a - 669?
-49b7
In base 12, what is -968 + -3267?
-4013
In base 6, what is 10 - -304250121?
304250131
In base 14, what is -49 + -2269b?
-22706
In base 6, what is 0 - 450551550?
-450551550
In base 10, what is -141355957 - -2?
-141355955
In base 10, what is 51349392 - 1?
51349391
In base 7, what is 110 - 324425?
-324315
In base 10, what is -1664 + -917?
-2581
In base 9, what is 21852 - -6233?
28185
In base 15, what is 1bd81 + -57?
1bd29
In base 6, what is 125003323 + 12?
125003335
In base 16, what is 3 - 307db9?
-307db6
In base 9, what is 45807222 - 2?
45807220
In base 4, what is -3201 - 2201031?
-2210232
In base 15, what is 5d06d + -a?
5d063
In base 4, what is 2033031330113 - -11?
2033031330130
In base 8, what is -4255627 + 245?
-4255362
In base 2, what is -11011011100 - -110000100011010?
101101000111110
In base 14, what is -2 + -17987a7?
-17987a9
In base 6, what is -11314040 + -242?
-11314322
In base 2, what is -111010011000010011001101 + 100?
-111010011000010011001001
In base 13, what is -43 + 4cbba2?
4cbb5c
In base 13, what is -3a55 + -28229?
-2bc81
In base 9, what is -2288836 - -13?
-2288823
In base 13, what is 145 - 580?
-438
In base 5, what is -1231133 + -1442?
-1233130
In base 10, what is 152 + 1141299?
1141451
In base 5, what is 2443 + 2300022?
2303020
In base 2, what is -11010 + 1011011111111110001001?
1011011111111101101111
In base 14, what is -49c5 + -c36?
-581b
In base 12, what is 446a9 - 7?
446a2
In base 6, what is 0 - 350022242?
-350022242
In base 16, what is -2f43 + -12d1?
-4214
In base 5, what is 341103 - 11004214?
-10113111
In base 12, what is 54 - -48421?
48475
In base 6, what is 125044 + 22341?
151425
In base 8, what is -26020340 + 40?
-26020300
In base 14, what is 10 - 40a2d8?
-40a2c8
In base 10, what is 7814350 - -4?
7814354
In base 10, what is -7811077 - 1?
-7811078
In base 8, what is 31551757 + -5?
31551752
In base 15, what is 8821e0 + 5?
8821e5
In base 11, what is -340518 + -20?
-340538
In base 12, what is 196a - 1818?
152
In base 13, what is -4 - -2434808?
2434804
In base 16, what is -5 - 81a609?
-81a60e
In base 14, what is -33a1bcd - 0?
-33a1bcd
In base 16, what is -5dc4 - 77?
-5e3b
In base 2, what is 10101110 + -1011010011000010001001?
-1011010010111111011011
In base 15, what is 0 - 858e4?
-858e4
In base 16, what is 2 - 85fea?
-85fe8
In base 6, what is 552 - -25115131?
25120123
In base 4, what is -122200 + 1120312?
332112
In base 14, what is 192d10 + 25b?
19316b
In base 4, what is 2301310 + -2333323?
-32013
In base 2, what is 10000001011101 + 10101000001101?
100101001101010
In base 8, what is 14464237 + -3?
14464234
In base 3, what is -20 - 101101011010021?
-101101011010111
In base 10, what is -1 + -132363481?
-132363482
In base 11, what is -146a - -939?
-631
In base 2, what is 1110110000100 - -10011110101110?
100010100110010
In base 6, what is -2 - 21351023?
-21351025
In base 16, what is a - 22c04?
-22bfa
In base 10, what is 294273429 - -2?
294273431
In base 3, what is 21120120221002 - 222?
21120120220010
In base 12, what is 2b9 + -aa0?
-7a3
In base 9, what is -11343535 - -22?
-11343513
In base 13, what is -19 + 54c8854?
54c8838
In base 6, what is -1442440 - -50?
-1442350
In base 10, what is 1155 - -216515?
217670
In base 14, what is 494d0 + 498?
49988
In base 5, what is 3204401 + -11120?
3143231
In base 6, what is -140 + 50022505?
50022325
In base 11, what is 1824439 + -16?
1824423
In base 4, what is 2 + -12303000213231?
-12303000213223
In base 5, what is 14 + -2022242202?
-2022242133
In base 8, what is 3775 + -21773?
-15776
In base 15, what is -5248c27 + 5?
-5248c22
In base 13, what is 7c - 47791a?
-47786b
In base 12, what is 97 + 6b710?
6b7a7
In base 10, what is 196470 + -460?
196010
In base 15, what is 52 + -1d16d?
-1d11b
In base 9, what is 103231 + 572?
103813
In base 13, what is 4 + 16a2a4b3?
16a2a4b7
In base 14, what is 16b5 - -caa?
2581
In base 5, what is 34442 + 30000?
114442
In base 5, what is 111 - -430140?
430301
In base 15, what is -aceb + 1c?
-acce
In base 7, what is 36166 - -4532?
44031
In base 7, what is -1515241540 + -5?
-1515241545
In base 5, what is 103302423 + 24012?
103331440
In base 14, what is -188 + -95d6?
-9780
In base 7, what is -4213065403 + 4?
-4213065366
In base 10, what is 13207 + -6415?
6792
In base 4, what is 1323202 + -22?
1323120
In base 15, what is 0 + -7621cc6?
-7621cc6
In base 14, what is 9521 + -760a?
1d15
In base 14, what is 10dd + -5dd63?
-5cc64
In base 13, what is -1a58b8a - 11?
-1a58b9b
In base 3, what is 2001120021112 - -1?
2001120021120
In base 13, what is -2 - 6c0b6?
-6c0b8
In base 12, what is 19b74 - -12b?
1a0a3
In base 11, what is 0 + 28a6728?
28a6728
In base 4, what is -1123023 + 220323?
-302100
In base 11, what is 4 - -1a63652a?
1a636533
In base 11, what is -991 + -3684a?
-37730
In base 12, what is 17abb724 + -2?
17abb722
In base 15, what is -5787e1 - d?
-5787ee
In base 10, what is 9 - -179686?
179695
In base 7, what is 1334 - 2023412?
-2022045
In base 6, what is -1041404040 - -202?
-1041403434
In base 4, what is -103102233 - -3213?
-103033020
In base 7, what is 42362 + -665?
41364
In base 8, what is -326414 - -150?
-326244
In base 8, what is 2 + 5501233?
5501235
In base 7, what is -133035406 - 0?
-133035406
In base 3, what is -10101001121200 + -1?
-10101001121201
In base 6, what is 20131 - 1341?
14350
In base 8, what is -262756075 + 2?
-262756073
In base 13, what is -136b - b1c5?
-c563
In base 6, what is 24405000330 + -3?
24405000323
In base 5, what is -1033314 + -11001?
-1044320
In base 16, what is 2765d + -131?
2752c
In base 11, what is -3032 + -5550a?
-58541
In base 13, what is 8154 - -983?
8b07
In base 8, what is -4 - 12253656?
-12253662
In base 5, what is 31014 + -1132101?
-1101032
In base 12, what is 1229891 - 2?
122988b
In base 9, what is 3 + 150811236?
150811240
In base 8, what is -2777017 + -112?
-2777131
In base 5, what is 3040 - -101130?
104220
In base 8, what is 452712 + 460?
453372
In base 10, what is 19490 - 717?
18773
In base 13, what is 4 + -3c986?
-3c982
In base 7, what is 42 - -3623356?
3623431
In base 5, what is 20212131 + -4422?
20202204
In base 16, what is -5 + -1bd4a9?
-1bd4ae
In base 7, what is 12404250 + -4?
12404243
In base 6, what is 33 - -53054344?
53054421
In base 5, what is 0 + 404234002?
404234002
In base 16, what is 37f18b - -16?
37f1a1
In base 3, what is -10001102